at is the units digit of x?
7
Let z = -4 - -6. Let s = 7 - 0. Let x = s + z. What is the units digit of x?
9
Suppose 1 + 2 = u. What is the units digit of u?
3
Let s = 571 - 228. What is the hundreds digit of s?
3
Suppose 5*l - 22 - 5 = -3*v, -22 = -3*l + 4*v. What is the tens digit of (l + -3 + -32)/(-1)?
2
Suppose m = -2*a + 170, -3*a + 4*a - 85 = -2*m. Suppose -3*u + a = 2*u. What is the units digit of u?
7
Let n = -24 + 84. What is the units digit of n?
0
Let h(b) = b**2 - 2. Let u be h(2). Suppose 60 = 2*k + 2*c, -3*k - u*k - c + 146 = 0. What is the units digit of k?
9
Let j = 13 + -10. Suppose -5*p = -2*m - 10, 5*m + 1 = j*p - 5. What is the units digit of p?
2
Let s be 3/(-7) - (-24)/56. Suppose 2*c + 3*t - 22 - 4 = s, 13 = c - 4*t. What is the tens digit of c?
1
Let g = 56 - 39. Suppose -5*i = g + 3. Let k = i + 9. What is the units digit of k?
5
Let c(w) = 2*w**2 - 15*w - 12. What is the tens digit of c(9)?
1
Suppose 6*x - 30 = 3*x. Let s be (8/(-20))/((-1)/x). Let o(h) = -h**3 + 5*h**2 - 3*h. What is the units digit of o(s)?
4
Suppose 2*p + 5*d = 3*d, -2*p + 3*d = -15. Suppose -56 = -p*b + 2*x, 51 - 3 = 2*b + 4*x. Suppose -13 - b = -3*c. What is the units digit of c?
1
Let d = -1 - -6. Suppose -2 = -2*p, 0 = 5*y - d*p - 5. What is the units digit of y?
2
Let z = 50 - 21. What is the units digit of z?
9
Suppose 2*c = -0*c + 8. Suppose -5*a = r - 19 - 5, -3*a = c*r - 11. What is the units digit of a?
5
Suppose 0 = 3*o - 2*o - 4. Let a be (-1 + 1)/(-1 + o). Suppose 5*j - 85 + 12 = 3*b, -5*j + 4*b + 69 = a. What is the units digit of j?
7
Let d(w) = 2*w + 77. What is the units digit of d(0)?
7
Let j(x) = 3*x**2 + x + 2. Let s be j(2). Suppose -k - s = -5*k + g, 2*g = -k + 4. Let c = 3 + k. What is the units digit of c?
7
Let t be ((-4)/(-10))/(2/(-10)). Let r = -2 + 5. What is the units digit of (8/(-12))/(t/r)?
1
Let q be (-14 - 1)*(-16)/40. Suppose -q*f = -165 + 69. What is the tens digit of f?
1
What is the units digit of (-1146)/(-8) + 18/(-8) + 3?
4
Let o(d) = -3*d + 2. Let a(n) = -3*n - 5. Let j(b) = -1. Let w(f) = -a(f) + 6*j(f). Let q(i) = -2*o(i) - 3*w(i). What is the units digit of q(-3)?
8
Let j(r) = -r - 8. What is the units digit of j(-17)?
9
Let x = -3 + 3. Suppose 0 = -x*o - 2*o - 18. What is the units digit of (-2)/9 + (-11)/o?
1
Suppose -4*s - 4*x + 87 = -3*s, 20 = -5*x. What is the tens digit of s?
0
Let a = -21 - -3. Let r = -7 - a. What is the units digit of r?
1
Let q be 1*15*(-4)/(-10). Let m = q - 4. What is the units digit of m?
2
What is the hundreds digit of 1056/3 + (-10)/(-4 - 1)?
3
Suppose 3*x = -n + 544, 4*x + n - 747 = 4*n. What is the tens digit of x?
8
Let g = 20 + -11. What is the units digit of g?
9
Suppose -114 = -2*r + o + o, 0 = r + 4*o - 62. What is the tens digit of r?
5
Let o(q) = -q**3 - 3*q**2 - 3*q. Let w be o(-2). What is the units digit of (6/4)/(1/w)?
3
Suppose 3*t + 8 = 26. Suppose -i + t = 2*i. What is the units digit of i?
2
Let n(k) = -k**2 - 10*k - 4. Let r be n(-10). Let q = r + 8. Suppose 3*m = -9, -2*m = c - 0*m + q. What is the units digit of c?
2
Let c(v) be the first derivative of 1 + 3/2*v**2 + 1/3*v**3 + 3*v. What is the units digit of c(-4)?
7
Let o(h) = -5*h**3 + 2*h**2 + h. Let x be o(-1). What is the tens digit of (-88)/(-10)*15/x?
2
Let l(a) = 2*a**3 + 15*a**2 + 9*a. Let t(v) = -v**3 - 8*v**2 - 5*v. Let p(f) = 3*l(f) + 5*t(f). Let q = -1 - 1. What is the units digit of p(q)?
8
What is the tens digit of 0 + -2 - 444/4*-1?
0
Suppose 0 = -4*n + 3*g + 10, -2*g = n + 2*g - 12. What is the units digit of ((-3)/n)/(3/(-12))?
3
Suppose 5 = l - 2*n, -3*l + 19 = -0*l - 5*n. Let c = l + -8. What is the units digit of c?
5
What is the units digit of ((-125)/(-2))/((-16)/(-32))?
5
Let o = -141 - -157. What is the units digit of o?
6
Let h = -1 - -5. Suppose 9*m - p - 27 = 4*m, 12 = h*m + 4*p. Suppose -5*d + 10 = m*n, -5*d - 2*n + 10 = -4*n. What is the units digit of d?
2
Suppose g - 41 = -12. Let d = g - 10. What is the tens digit of d?
1
Suppose -h + 74 = -62. What is the tens digit of h?
3
Let t(k) = -k**3 - 10*k**2 + 1. Let z be t(-10). Suppose -4*j - 3 = q, -j = 2*q - 0*q + 6. Suppose -3*x + z + 8 = j. What is the units digit of x?
3
Let g = 70 + -53. What is the tens digit of g?
1
Suppose -3*l + 5*z + 7 = -11, 3*z = -3*l - 6. Let i = 16 + l. Suppose -3*x + i = -7. What is the units digit of x?
8
Let o = 106 - 39. What is the units digit of o?
7
What is the units digit of 1034/55 + 2/10?
9
Let h be ((-4)/10)/(1/(-5)). Suppose h*r - 4*r = 0. Suppose r = -2*f - 0 + 2. What is the units digit of f?
1
Let p(r) = -r - 1. Let u = 4 + -4. Suppose -2*j - j - 15 = u. What is the units digit of p(j)?
4
Let h(o) = -o + 1. Let w(v) = 4*v. Let d(b) = 3*h(b) + w(b). Let c be d(7). Suppose 4*t - 46 = c. What is the units digit of t?
4
Suppose 4*u + 2*a + 2*a = 52, 0 = -2*a. What is the units digit of u?
3
Suppose 8*w - 4 = 6*w. Suppose -3*j + 115 = w*j. What is the tens digit of j?
2
Let h be (-8)/(-2)*3/(-6). What is the units digit of 3/h + 50/4?
1
Let g(z) = -5*z + 120. What is the tens digit of g(0)?
2
What is the tens digit of ((-56)/20 - 3)*-5?
2
Suppose -6*k = -k - 100. Suppose 5*d - 20 = k. What is the units digit of d?
8
Suppose 0 = -4*p - 3*n + 279, 0*p - p - n + 70 = 0. What is the units digit of p?
9
Let h = -21 + 48. Let l = 39 - h. Suppose k + 25 = 3*s, 4*s + 4*k - l = -0. What is the units digit of s?
7
Let h = 2 + 0. Suppose -h*w - 13 = -1. Let p(u) = u**3 + 7*u**2 + 4*u + 7. What is the tens digit of p(w)?
1
Let f(b) be the second derivative of b**3/2 - b**2 - b. What is the units digit of f(5)?
3
Let j(y) = y**2 + 2*y + 6. Let i be j(-5). Let a = -5 + i. What is the tens digit of a?
1
Let t(f) = -f + 4. Suppose 5*a + 4*q - 40 = 0, -2*a = -7*a - 2*q + 30. Let j be t(a). Suppose -3*x - 3*y + 27 = y, j = x + y - 8. What is the units digit of x?
5
Suppose -4*i - 3*p + 72 = -0*p, -5*i + 5*p + 125 = 0. What is the units digit of i?
1
Suppose 2*t - 3*t + 17 = 0. What is the tens digit of t?
1
Let g = 18 + -45. Let t(h) = h**2 + 7*h - 6. Let x be t(-6). What is the tens digit of 6/x*(1 + g)?
1
Let c = -6 - -10. Suppose y - c = -0*y. Suppose 60 = x + y*x. What is the units digit of x?
2
Suppose -4*p = r - 4 + 21, 0 = -3*p - 3*r - 24. What is the tens digit of (39/4)/(p/(-8))?
2
Suppose -3*j = -j - 2. Let c(r) = -r**3 + r - j - 3*r**2 + 2*r + 2. What is the units digit of c(-4)?
5
Suppose 0 = 4*d - 3*r - 133, -3*r - r + 94 = 2*d. Suppose 1 = 3*s - 2*s, 3*l - 2*s - d = 0. What is the tens digit of l?
1
Let h(z) = 7*z**2 + 2. What is the units digit of h(-3)?
5
Let u(c) = c**3 + c**2 - 4*c + 3. What is the units digit of u(4)?
7
Suppose 0 = -4*x - 12 + 4, -4*w + 3*x = -154. What is the units digit of w?
7
Let r(j) = -j**3 - 10*j**2 - 9*j - 6. Let p be r(-9). Let c(g) = -g**2 - 8*g - 10. What is the units digit of c(p)?
2
Let g be (-55)/(-3) + 2/3. Let v = 16 - 11. Suppose -d - g = v*x, -2*d + 6*d - 29 = x. What is the units digit of d?
6
Let q(b) = 3*b + 6. Let d be q(-4). Let v be (-4)/d + (-8)/(-6). Suppose -v*n + y = -1, -4*n - 2*y + 7 = -3*y. What is the units digit of n?
3
Suppose 3*v - 90 + 63 = 0. What is the units digit of v?
9
What is the tens digit of (-2)/4 + (67/2 - -1)?
3
Let u = 2 + 0. Suppose u*v - 24 = -6. What is the units digit of v?
9
Suppose 0 = -2*l - 35 + 269. Suppose -41 = 2*u - l. What is the tens digit of u?
3
Let t = 53 + -55. Let u(v) = v**3 - v**2 + v - 1. Let s be u(2). What is the units digit of (-40)/25*s/t?
4
Let r be (4/3)/(6/9). Suppose -4*a + 3 = 3*i - 0, -4*a + 9 = i. Suppose 4 = h - 4*g, -r*g - 22 = -0*h - a*h. What is the units digit of h?
8
Let k(w) = w**2 - 6*w + 6. Let u be k(4). What is the tens digit of (-1)/((-1)/(-28)*u)?
1
Let a(n) = -n**3 - n**2 + 53. What is the units digit of a(0)?
3
Suppose 3*x - 5*x + 148 = 0. What is the units digit of x?
4
Suppose 5*b + v - 102 = 8, -3*b = -v - 58. What is the tens digit of b?
2
Let n = -25 - -30. Suppose -n*u + 64 + 46 = 0. What is the tens digit of u?
2
Let j(w) = 7 - w - 7 + w**2. What is the units digit of j(3)?
6
Suppose 4*y - 2 = -2*q, q + y = 2*y + 4. Suppose -4*z + 139 = -3*o, -q*z + 0*o + 88 = o. What is the units digit of z?
1
Let n(c) = c**3 - 11*c**2 - 14*c + 27. What is the hundreds dig